 is the remainder when j is divided by 30?
28
Suppose 3*s = 6*b - 2*b + 94, 5*s - 4*b - 170 = 0. Calculate the remainder when s is divided by 25.
13
Suppose -2*y - 50 = -7*y. Let r(n) = 2*n + 80. What is the remainder when r(14) is divided by y?
8
Suppose -4*k - 97 = -4*r + 3, 3*r = -3*k + 81. Calculate the remainder when 83 is divided by r.
5
Let z(j) = -13*j + 198. Calculate the remainder when 430 is divided by z(14).
14
Let s = -247 + 273. What is the remainder when 125 is divided by s?
21
Suppose 151 = 5*k + 31. Let h = k - 14. Calculate the remainder when 47 is divided by h.
7
Suppose 0 = 4*f + 5*v - 28, 5*v = -f + 8 - 1. What is the remainder when 9 is divided by f?
2
Let w = 901 + -889. What is the remainder when 703 is divided by w?
7
Let k = -19 - -57. Let y = 128 - 54. What is the remainder when y is divided by k?
36
Suppose -210*w + 2850 = -4290. Calculate the remainder when w is divided by 1/(1*(-1)/(-4)).
2
Suppose -4*c = -4*z + 824, 5*z - 18*c = -15*c + 1028. Calculate the remainder when z is divided by 66.
7
Let m(f) = -4*f - 25. Suppose -9 = 3*r, 5*r + 43 = -4*l - 0*r. Calculate the remainder when 13 is divided by m(l).
1
Let b(w) = -60*w + 657. Calculate the remainder when b(5) is divided by 115.
12
Let d(g) = g**3 + 5*g**2 + 5*g + 2. Let n be d(-4). Let i be n/(-4)*86 + -1. What is the remainder when (-68)/(-3)*i/28 is divided by 12?
10
Let b(n) = -2*n - 2 + 4 + 11*n. Suppose -2*w - 8 = 2*i, -4*i - 13 = -2*i + 3*w. What is the remainder when 43 is divided by b(i)?
10
Let s(n) = 49*n**2 - 197*n + 8. Calculate the remainder when 49 is divided by s(4).
1
Suppose -k = k - 220. What is the remainder when k is divided by 585/21 + (-72)/84 + 1?
26
Let f = -17 - -24. Let y(t) = t**2 - 5*t + 3. Let m be y(5). Suppose -21 = -2*a + m. Calculate the remainder when a is divided by f.
5
Let r be 3 - (-3)/(4/4). Suppose 0 = -r*x + 4*x + 16. Suppose -3*t - 3*g = -0*g - 24, x = 4*g. Calculate the remainder when 9 is divided by t.
3
Let p = 996 + -906. What is the remainder when p is divided by (1 + 0)/((-3)/(-93))?
28
Suppose -4*z - 4*y - 169 = -589, -z + y + 97 = 0. Calculate the remainder when 230 is divided by z.
28
Let h = -238 - -354. Suppose w = -5*c - 0*c + 49, -h = -4*w - 4*c. Suppose -4*d = 32 - 212. Calculate the remainder when d is divided by w.
21
Let y(t) = -44*t - 2. Let z be y(-3). Let s = z - 51. What is the remainder when s is divided by 20?
19
Let x = 1 - -2. Let l(r) = 2*r + 2. Let q(b) = b**3 - 2*b**2 + 2*b - 1. Calculate the remainder when l(x) is divided by q(2).
2
Suppose -4*k - 2*w + 24 = 0, -5*k + 2*w = -20 - 28. Calculate the remainder when 9 is divided by k.
1
Suppose -198*i = 30*i - 7454 + 386. What is the remainder when i is divided by -25*(-3 + (2 - 0))?
6
Let d(z) = -3*z + 1. Suppose -2*k - 22 + 0 = 0. Let j = 35 - k. Calculate the remainder when j is divided by d(-5).
14
Suppose -3*t + 255 - 28 = 5*q, -q + 4*t + 27 = 0. Suppose -4*c - 4 = -4*p, -5*c + 2*p - 10 = 4. What is the remainder when q is divided by (-10)/(-15)*(-54)/c?
7
Let j = 88 + -1. Calculate the remainder when j is divided by 26.
9
Suppose -264 - 321 = -45*x. Calculate the remainder when 1336 is divided by x.
10
Suppose -3*k = 2*z + 2*z - 455, 0 = 3*z - k - 338. Calculate the remainder when z is divided by (2 - (-8)/(-3))/((-4)/174).
26
Suppose 3*q - 4 = -4*y + 5*y, 3 = -2*y + 5*q. Calculate the remainder when ((-160)/24)/((4/6)/(-2)) is divided by y.
9
Suppose 0 = 4*r + 452 + 396. Let o = 58 - r. Calculate the remainder when o/5 + (3 - 3) is divided by 28.
26
Let s = -185 - -220. What is the remainder when s is divided by 16?
3
Suppose -8*k = 7*k - 390. Calculate the remainder when 51 is divided by k.
25
What is the remainder when (-104)/80*-22*5 is divided by 16?
15
Let f = -5 + 10. Suppose -5*c = -f*k + 50, -c - 54 = k - 6*k. What is the remainder when k is divided by 5 + (-2)/(-3 + 1)?
5
Suppose -2*c + 247 = 5*t, -c - c = -3*t + 161. Suppose 0 = -29*d + 24*d + 135. Calculate the remainder when t is divided by d.
24
Suppose 2*y = -3*y + 70. Suppose -y = -4*t + 14. What is the remainder when 24 is divided by t?
3
Suppose -4*w + 0*w + 160 = 0. Let x = w + -38. Calculate the remainder when 6 is divided by x.
0
Let j(d) = -3*d**3 - 8*d**2 - 8*d + 1. Let s be j(-6). Suppose -4*f + 0*q = -q - 326, 0 = 5*f - 2*q - s. Calculate the remainder when f is divided by 21.
18
Let v(c) = 3*c - 19. Let g be v(8). What is the remainder when 13 is divided by (g + -11)/(2 + -3)?
1
Suppose -w - 4*w = 1015. Let j = -133 - w. Let p = -12 + 24. Calculate the remainder when j is divided by p.
10
Suppose 2*b = 0, 3*m - b = b + 609. Suppose 529 = 4*j - m. What is the remainder when j is divided by 46?
45
Let q(z) = z**2 - 4*z + 10. Let j be q(5). Suppose -28 = j*f - 19*f. Suppose -3*s = a - f*s - 43, 4*s = 16. What is the remainder when a is divided by 20?
19
Let a(d) = 5*d**2 + 20*d + 1. Let p be (-7 + 1)*(-10)/(-3). Let l = -4 - p. Calculate the remainder when a(-6) is divided by l.
13
What is the remainder when (-115913)/(-116) - 10/8 is divided by 13?
10
Suppose 2*z + 0 = -6. What is the remainder when 1/z*-1*129 is divided by 20 + (2 - 4) + -3?
13
Suppose 668 = 3*i + i. Suppose -79*r = -5608 + 1184. Calculate the remainder when i is divided by r.
55
Suppose u - 44 = 5*a, 2*a = 3*u + a - 174. Let g = u - 18. What is the remainder when g is divided by 11?
8
Calculate the remainder when 38 is divided by 6/(-1)*(3/9 - 2).
8
Let l(x) = -x**2 + 18*x + 78. Calculate the remainder when 20/((-1)/(1 - 3)) is divided by l(21).
10
Let p = -568 + 618. What is the remainder when p is divided by 14?
8
Suppose -3*j - 1034 = -5*j - 3*k, k - 1026 = -2*j. Calculate the remainder when j is divided by 74.
67
Let w = -1594 - -1729. Calculate the remainder when w is divided by 61.
13
Let h be 336/120*2*(-5)/(-2). Suppose 5*n = 3*n + 26. Calculate the remainder when n is divided by -4 + h + (0 - 2).
5
Let c = 30 + -10. Let s = -51 + 62. Calculate the remainder when c is divided by s.
9
Let c = 21 - 15. Suppose -5*q + c + 4 = 0. Calculate the remainder when 19 is divided by 11/q - 1/2.
4
Let s(j) = -j**3 + 5*j**2 + j + 1. Calculate the remainder when (-32 + (-84)/(-12) + 10)/(6/(-16)) is divided by s(4).
19
Let i(y) = 2*y**2 - 5*y**3 - 10*y**3 - 6 - y + 14*y**3 + 5*y**2. Let p be (-2)/2*6*-1. What is the remainder when i(p) is divided by 7?
3
Let o(x) = -2*x + 22. Let n be o(13). Calculate the remainder when 26 is divided by (-1)/n - (-110)/8.
12
Let j(h) = -2*h - 1. Suppose 5 = -z, -5*z - 6 = -3*o + 19. Suppose -2*r - v = -87, 4*r - 179 = -o*r - 3*v. Calculate the remainder when r is divided by j(-6).
8
Suppose -4*g + 3*g = -227. What is the remainder when g is divided by 5?
2
Let d(v) be the first derivative of v**2/2 + 2*v - 1. Calculate the remainder when d(5) is divided by 5.
2
Suppose -2*q = -6*q + 256. Let r = 1361 + -1348. What is the remainder when q is divided by r?
12
Let w = 681 + -632. What is the remainder when 122 is divided by w?
24
Let m be 1/2 - (-6)/4. Suppose k - m = d, -6*d - 18 = -5*d - 5*k. Let w(u) = 2*u**3 - u**2 + 1. Calculate the remainder when w(1) is divided by d.
0
Let z(o) = o**3 - 5*o**2 + 4*o + 1. Let b = 21 + -16. Let t = 0 + b. What is the remainder when z(t) is divided by 11?
10
Suppose -3*y - 5*v = -166, -3*y - 2*v = v - 168. What is the remainder when y is divided by (-1 - -25)*17/34?
9
Suppose 0 = z - 88 + 80. Suppose -z*y = 6*y - 2058. Calculate the remainder when y is divided by 50.
47
Let b = -30 - -17. Let a = b - -13. Suppose -4*c - k - 2*k + 120 = a, -k = -5*c + 150. What is the remainder when c is divided by 16?
14
Suppose 3*p = 3*v - 12, 17*p - 8 = -2*v + 13*p. Calculate the remainder when 75 is divided by v.
3
Suppose 2*t - 6 = g - 7, 5*t = -g + 29. Suppose -4*c - a - 4 = -c, -2*c = -5*a + 14. What is the remainder when ((-1)/c)/(8/848) is divided by g?
8
Let j = -32 + 38. What is the remainder when 42 is divided by (-148)/(-12) - 8/j?
9
Suppose -t = 5*b - 1125, 5*b + 4*t - 616 = 524. What is the remainder when b is divided by 79?
66
Suppose 28*z - 2587 - 2537 = 0. Suppose u = -u + 46. What is the remainder when z is divided by u?
22
Suppose 346 = 13*q - 12*q. Calculate the remainder when q is divided by 14.
10
Let l = 72 - 48. Suppose 0